{"id":3796,"date":"2016-06-29T11:46:49","date_gmt":"2016-06-29T09:46:49","guid":{"rendered":"http:\/\/www.synthetic737.at\/index.php\/?page_id=3796"},"modified":"2016-06-29T11:47:03","modified_gmt":"2016-06-29T09:47:03","slug":"harry-lehner","status":"publish","type":"page","link":"https:\/\/www.synthetic737.at\/index.php\/harry-lehner","title":{"rendered":"Harry Lehner"},"content":{"rendered":"<p>Instructor<\/p>\n<hr \/>\n<p><a href=\"http:\/\/www.adev.at\/lhe\/?attachment_id=1970\" rel=\"attachment wp-att-1970 nofollow\"><img loading=\"lazy\" decoding=\"async\" class=\" size-medium wp-image-1970 alignleft\" src=\"..\/wp-content\/uploads\/2014\/12\/Harry.jpg\" alt=\"Harry\" width=\"288\" height=\"300\" \/><\/a><\/p>\n<p style=\"text-align: justify;\">Hallo, mein Name ist Harry Lehner. Ich bin 36 Jahre alt, verheiratet und Vater von 2 T\u00f6chtern. Das Fliegen war schon immer sehr faszinierend f\u00fcr mich, deswegen habe ich mich auch entschieden mein Hobby zum Beruf zu machen.<\/p>\n<p style=\"text-align: justify;\">Ich arbeite in Linz H\u00f6rsching als Milit\u00e4rluftfahrzeugtechniker auf der Type Saab 105 OE. Spezialisiert habe ich mich auf dem Gebiet der Elektrotechnik, welche in der Fliegerei als Bordausr\u00fcstung bezeichnet wird.<\/p>\n<p style=\"text-align: justify;\">Die Arbeit am Boden ist genauso interessant und verantwortungsvoll, wie die T\u00e4tigkeiten im Cockpit bei Geschwindigkeiten von bis zu 950 km\/h.<\/p>\n","protected":false},"excerpt":{"rendered":"<p>Instructor Hallo, mein Name ist Harry Lehner. Ich bin 36 Jahre alt, verheiratet und Vater von 2 T\u00f6chtern. Das Fliegen war schon immer sehr faszinierend f\u00fcr mich, deswegen habe ich mich auch entschieden mein Hobby zum Beruf zu machen. Ich arbeite in Linz H\u00f6rsching als Milit\u00e4rluftfahrzeugtechniker auf der Type Saab 105 OE. Spezialisiert habe ich mich auf dem Gebiet der&nbsp;<a href=\"https:\/\/www.synthetic737.at\/index.php\/harry-lehner\" class=\"read-more\">Weiter lesen<\/a><\/p>\n","protected":false},"author":1,"featured_media":0,"parent":0,"menu_order":0,"comment_status":"closed","ping_status":"closed","template":"","meta":{"_acf_changed":false,"ngg_post_thumbnail":0,"footnotes":""},"class_list":["post-3796","page","type-page","status-publish","hentry"],"acf":[],"_links":{"self":[{"href":"https:\/\/www.synthetic737.at\/index.php\/wp-json\/wp\/v2\/pages\/3796","targetHints":{"allow":["GET"]}}],"collection":[{"href":"https:\/\/www.synthetic737.at\/index.php\/wp-json\/wp\/v2\/pages"}],"about":[{"href":"https:\/\/www.synthetic737.at\/index.php\/wp-json\/wp\/v2\/types\/page"}],"author":[{"embeddable":true,"href":"https:\/\/www.synthetic737.at\/index.php\/wp-json\/wp\/v2\/users\/1"}],"replies":[{"embeddable":true,"href":"https:\/\/www.synthetic737.at\/index.php\/wp-json\/wp\/v2\/comments?post=3796"}],"version-history":[{"count":2,"href":"https:\/\/www.synthetic737.at\/index.php\/wp-json\/wp\/v2\/pages\/3796\/revisions"}],"predecessor-version":[{"id":3798,"href":"https:\/\/www.synthetic737.at\/index.php\/wp-json\/wp\/v2\/pages\/3796\/revisions\/3798"}],"wp:attachment":[{"href":"https:\/\/www.synthetic737.at\/index.php\/wp-json\/wp\/v2\/media?parent=3796"}],"curies":[{"name":"wp","href":"https:\/\/api.w.org\/{rel}","templated":true}]}}