{"id":3644,"date":"2016-01-19T10:15:14","date_gmt":"2016-01-19T09:15:14","guid":{"rendered":"http:\/\/www.synthetic737.at\/index.php\/?page_id=3644"},"modified":"2016-01-19T12:07:11","modified_gmt":"2016-01-19T11:07:11","slug":"auszug-aus-linzmobil-at","status":"publish","type":"page","link":"https:\/\/www.synthetic737.at\/index.php\/auszug-aus-linzmobil-at","title":{"rendered":"Auszug aus LinzMobil.at"},"content":{"rendered":"<p>Hallo im Forum!<\/p>\n<p>Auch ich durfte gestern im Synthetic 737 Simulator von Linz nach Innsbruck fliegen. \ud83d\ude00<\/p>\n<p>Einige Bilder und Eindr\u00fccke vom Flug:<\/p>\n<p>Nach dem herzlichen Empfang durch Marko und Eric gings nach dem umfangreichen Briefing und der Besprechung des Flugplans ab ins Cockpit. Erster Eindruck: \u00fcberw\u00e4ltigend.<\/p>\n<p>Nach der Rollfreigabe durch den Tower (macht Marko aus dem Off) wegen des Ostwindes Start auf RWY 08, dann Rechtskurve und auf Luftstra\u00dfe Y 703 Richtung Salzburg. Zur Eingew\u00f6hnung ans Handling f\u00fcr die Landung wurde manuell nach dem Flightdirctor geflogen. (Der Kurs wird als Kreuz und der Flieger als Punkt auf dem Primary Flight Display dargestellt). \"Du bist der Punkt - das Kreuz ist der Kurs\" sagt Eric. Gar nicht so einfach, wenn das Hirn manchmal umgekehrt denkt. Zum Ausblick auf die Landschaft bleibt erst nach Erreichen der Reiseflugh\u00f6he von 22.000 ft und Aktivierung des Autopiloten Zeit.<\/p>\n<p><a href=\"http:\/\/www.synthetic737.at\/index.php\/auszug-aus-linzmobil-at\/attachment\/syn73713-2\" rel=\"attachment wp-att-3654 \"><img loading=\"lazy\" decoding=\"async\" class=\"aligncenter size-full wp-image-3654\" src=\"http:\/\/www.synthetic737.at\/wp-content\/uploads\/2016\/01\/syn73713-1.jpg\" alt=\"syn73713\" width=\"1200\" height=\"800\" srcset=\"https:\/\/www.synthetic737.at\/wp-content\/uploads\/2016\/01\/syn73713-1.jpg 1200w, https:\/\/www.synthetic737.at\/wp-content\/uploads\/2016\/01\/syn73713-1-300x200.jpg 300w, https:\/\/www.synthetic737.at\/wp-content\/uploads\/2016\/01\/syn73713-1-768x512.jpg 768w, https:\/\/www.synthetic737.at\/wp-content\/uploads\/2016\/01\/syn73713-1-1024x683.jpg 1024w\" sizes=\"auto, (max-width: 1200px) 100vw, 1200px\" \/><\/a><br \/>\nDie drei Full HD Beamer ergeben auf der 200\u00b0 Rundleinwand ein \u00fcberzeugendes Bild<\/p>\n<p><a href=\"http:\/\/www.synthetic737.at\/index.php\/auszug-aus-linzmobil-at\/attachment\/syn73716\" rel=\"attachment wp-att-3646 \"><img loading=\"lazy\" decoding=\"async\" class=\"aligncenter size-full wp-image-3646\" src=\"http:\/\/www.synthetic737.at\/wp-content\/uploads\/2016\/01\/syn73716.jpg\" alt=\"syn73716\" width=\"800\" height=\"1200\" srcset=\"https:\/\/www.synthetic737.at\/wp-content\/uploads\/2016\/01\/syn73716.jpg 800w, https:\/\/www.synthetic737.at\/wp-content\/uploads\/2016\/01\/syn73716-200x300.jpg 200w, https:\/\/www.synthetic737.at\/wp-content\/uploads\/2016\/01\/syn73716-768x1152.jpg 768w, https:\/\/www.synthetic737.at\/wp-content\/uploads\/2016\/01\/syn73716-683x1024.jpg 683w\" sizes=\"auto, (max-width: 800px) 100vw, 800px\" \/><\/a><br \/>\nDie Zeit verging \"wie im Flug\". Beim erreichen des Inntals zum Einf\u00e4deln in den IGS Anflug die Ent\u00e4uschung: Dichter Nebel im Inntal.<\/p>\n<p><a href=\"http:\/\/www.synthetic737.at\/index.php\/auszug-aus-linzmobil-at\/attachment\/syn73722\" rel=\"attachment wp-att-3648 \"><img loading=\"lazy\" decoding=\"async\" class=\"aligncenter size-full wp-image-3648\" src=\"http:\/\/www.synthetic737.at\/wp-content\/uploads\/2016\/01\/syn73722.jpg\" alt=\"syn73722\" width=\"1200\" height=\"800\" srcset=\"https:\/\/www.synthetic737.at\/wp-content\/uploads\/2016\/01\/syn73722.jpg 1200w, https:\/\/www.synthetic737.at\/wp-content\/uploads\/2016\/01\/syn73722-300x200.jpg 300w, https:\/\/www.synthetic737.at\/wp-content\/uploads\/2016\/01\/syn73722-768x512.jpg 768w, https:\/\/www.synthetic737.at\/wp-content\/uploads\/2016\/01\/syn73722-1024x683.jpg 1024w\" sizes=\"auto, (max-width: 1200px) 100vw, 1200px\" \/><\/a><\/p>\n<p>Jetzt war Marko im Kontrollstand gefragt:<\/p>\n<p><a href=\"http:\/\/www.synthetic737.at\/index.php\/auszug-aus-linzmobil-at\/attachment\/syn73727\" rel=\"attachment wp-att-3650 \"><img loading=\"lazy\" decoding=\"async\" class=\"aligncenter size-full wp-image-3650\" src=\"http:\/\/www.synthetic737.at\/wp-content\/uploads\/2016\/01\/syn73727.jpg\" alt=\"syn73727\" width=\"1200\" height=\"800\" srcset=\"https:\/\/www.synthetic737.at\/wp-content\/uploads\/2016\/01\/syn73727.jpg 1200w, https:\/\/www.synthetic737.at\/wp-content\/uploads\/2016\/01\/syn73727-300x200.jpg 300w, https:\/\/www.synthetic737.at\/wp-content\/uploads\/2016\/01\/syn73727-768x512.jpg 768w, https:\/\/www.synthetic737.at\/wp-content\/uploads\/2016\/01\/syn73727-1024x683.jpg 1024w\" sizes=\"auto, (max-width: 1200px) 100vw, 1200px\" \/><\/a><\/p>\n<p><a href=\"http:\/\/www.synthetic737.at\/index.php\/auszug-aus-linzmobil-at\/attachment\/syn73728\" rel=\"attachment wp-att-3651 \"><img loading=\"lazy\" decoding=\"async\" class=\"aligncenter size-full wp-image-3651\" src=\"http:\/\/www.synthetic737.at\/wp-content\/uploads\/2016\/01\/syn73728.jpg\" alt=\"syn73728\" width=\"1200\" height=\"800\" srcset=\"https:\/\/www.synthetic737.at\/wp-content\/uploads\/2016\/01\/syn73728.jpg 1200w, https:\/\/www.synthetic737.at\/wp-content\/uploads\/2016\/01\/syn73728-300x200.jpg 300w, https:\/\/www.synthetic737.at\/wp-content\/uploads\/2016\/01\/syn73728-768x512.jpg 768w, https:\/\/www.synthetic737.at\/wp-content\/uploads\/2016\/01\/syn73728-1024x683.jpg 1024w\" sizes=\"auto, (max-width: 1200px) 100vw, 1200px\" \/><\/a><\/p>\n<p>Der \"Wettermacher\" lie\u00df den Nebel verschwinden und dem \"Alpen-KaiTak Anflug\" auf RWY 26 stand nichts mehr im Weg<\/p>\n<p><a href=\"http:\/\/www.synthetic737.at\/index.php\/auszug-aus-linzmobil-at\/attachment\/syn73724\" rel=\"attachment wp-att-3649 \"><img loading=\"lazy\" decoding=\"async\" class=\"aligncenter size-full wp-image-3649\" src=\"http:\/\/www.synthetic737.at\/wp-content\/uploads\/2016\/01\/syn73724.jpg\" alt=\"syn73724\" width=\"1200\" height=\"800\" srcset=\"https:\/\/www.synthetic737.at\/wp-content\/uploads\/2016\/01\/syn73724.jpg 1200w, https:\/\/www.synthetic737.at\/wp-content\/uploads\/2016\/01\/syn73724-300x200.jpg 300w, https:\/\/www.synthetic737.at\/wp-content\/uploads\/2016\/01\/syn73724-768x512.jpg 768w, https:\/\/www.synthetic737.at\/wp-content\/uploads\/2016\/01\/syn73724-1024x683.jpg 1024w\" sizes=\"auto, (max-width: 1200px) 100vw, 1200px\" \/><\/a><\/p>\n<p>Um den Stress in Grenzen zu halten erledigt Eric beim Touchdown manchen Handgriff so nebenbei und wir stehen sicher auf dem LOWI Airport.<\/p>\n<p>Danke an die beiden Profis von Synthetic 737! :Daumen:<\/p>\n<p><a href=\"http:\/\/www.synthetic737.at\/index.php\/auszug-aus-linzmobil-at\/attachment\/syn73755\" rel=\"attachment wp-att-3652 \"><img loading=\"lazy\" decoding=\"async\" class=\"aligncenter size-full wp-image-3652\" src=\"http:\/\/www.synthetic737.at\/wp-content\/uploads\/2016\/01\/syn73755.jpg\" alt=\"syn73755\" width=\"1200\" height=\"800\" srcset=\"https:\/\/www.synthetic737.at\/wp-content\/uploads\/2016\/01\/syn73755.jpg 1200w, https:\/\/www.synthetic737.at\/wp-content\/uploads\/2016\/01\/syn73755-300x200.jpg 300w, https:\/\/www.synthetic737.at\/wp-content\/uploads\/2016\/01\/syn73755-768x512.jpg 768w, https:\/\/www.synthetic737.at\/wp-content\/uploads\/2016\/01\/syn73755-1024x683.jpg 1024w\" sizes=\"auto, (max-width: 1200px) 100vw, 1200px\" \/><\/a><br \/>\nAlle Fotos: SIGMA<\/p>\n<p>Als sehr hilfreich f\u00fcr den Flug hat sich in der Woche davor das Lesen des deutschen Tutorials zum PMDG 737-800 Cockpit von Jens Albert Schenk erwiesen, in dem alle Schalter und Hebel im umfangreichen Cockpit genau in Funktion und Bedienung beschrieben sind. Das erspart im Flug eine Menge \"Sucherei\" nach dem richtigen Knopf.<\/p>\n<p>lg. Willi<\/p>\n","protected":false},"excerpt":{"rendered":"<p>Hallo im Forum! Auch ich durfte gestern im Synthetic 737 Simulator von Linz nach Innsbruck fliegen. \ud83d\ude00 Einige Bilder und Eindr\u00fccke vom Flug: Nach dem herzlichen Empfang durch Marko und Eric gings nach dem umfangreichen Briefing und der Besprechung des Flugplans ab ins Cockpit. Erster Eindruck: \u00fcberw\u00e4ltigend. Nach der Rollfreigabe durch den Tower (macht Marko aus dem Off) wegen des&nbsp;<a href=\"https:\/\/www.synthetic737.at\/index.php\/auszug-aus-linzmobil-at\" class=\"read-more\">Weiter lesen<\/a><\/p>\n","protected":false},"author":1,"featured_media":0,"parent":0,"menu_order":0,"comment_status":"closed","ping_status":"closed","template":"","meta":{"_acf_changed":false,"ngg_post_thumbnail":0,"footnotes":""},"class_list":["post-3644","page","type-page","status-publish","hentry"],"acf":[],"_links":{"self":[{"href":"https:\/\/www.synthetic737.at\/index.php\/wp-json\/wp\/v2\/pages\/3644","targetHints":{"allow":["GET"]}}],"collection":[{"href":"https:\/\/www.synthetic737.at\/index.php\/wp-json\/wp\/v2\/pages"}],"about":[{"href":"https:\/\/www.synthetic737.at\/index.php\/wp-json\/wp\/v2\/types\/page"}],"author":[{"embeddable":true,"href":"https:\/\/www.synthetic737.at\/index.php\/wp-json\/wp\/v2\/users\/1"}],"replies":[{"embeddable":true,"href":"https:\/\/www.synthetic737.at\/index.php\/wp-json\/wp\/v2\/comments?post=3644"}],"version-history":[{"count":2,"href":"https:\/\/www.synthetic737.at\/index.php\/wp-json\/wp\/v2\/pages\/3644\/revisions"}],"predecessor-version":[{"id":3656,"href":"https:\/\/www.synthetic737.at\/index.php\/wp-json\/wp\/v2\/pages\/3644\/revisions\/3656"}],"wp:attachment":[{"href":"https:\/\/www.synthetic737.at\/index.php\/wp-json\/wp\/v2\/media?parent=3644"}],"curies":[{"name":"wp","href":"https:\/\/api.w.org\/{rel}","templated":true}]}}

<p>Hallo im Forum!</p>
<p>Auch ich durfte gestern im Synthetic 737 Simulator von Linz nach Innsbruck fliegen. 😀</p>
<p>Einige Bilder und Eindrücke vom Flug:</p>
<p>Nach dem herzlichen Empfang durch Marko und Eric gings nach dem umfangreichen Briefing und der Besprechung des Flugplans ab ins Cockpit. Erster Eindruck: überwältigend.</p>
<p>Nach der Rollfreigabe durch den Tower (macht Marko aus dem Off) wegen des Ostwindes Start auf RWY 08, dann Rechtskurve und auf Luftstraße Y 703 Richtung Salzburg. Zur Eingewöhnung ans Handling für die Landung wurde manuell nach dem Flightdirctor geflogen. (Der Kurs wird als Kreuz und der Flieger als Punkt auf dem Primary Flight Display dargestellt). "Du bist der Punkt - das Kreuz ist der Kurs" sagt Eric. Gar nicht so einfach, wenn das Hirn manchmal umgekehrt denkt. Zum Ausblick auf die Landschaft bleibt erst nach Erreichen der Reiseflughöhe von 22.000 ft und Aktivierung des Autopiloten Zeit.</p>
<p><a href="http://www.synthetic737.at/index.php/auszug-aus-linzmobil-at/attachment/syn73713-2" rel="attachment wp-att-3654 "><img loading="lazy" decoding="async" class="aligncenter size-full wp-image-3654" src="http://www.synthetic737.at/wp-content/uploads/2016/01/syn73713-1.jpg" alt="syn73713" width="1200" height="800" srcset="https://www.synthetic737.at/wp-content/uploads/2016/01/syn73713-1.jpg 1200w, https://www.synthetic737.at/wp-content/uploads/2016/01/syn73713-1-300x200.jpg 300w, https://www.synthetic737.at/wp-content/uploads/2016/01/syn73713-1-768x512.jpg 768w, https://www.synthetic737.at/wp-content/uploads/2016/01/syn73713-1-1024x683.jpg 1024w" sizes="auto, (max-width: 1200px) 100vw, 1200px" /></a><br />
Die drei Full HD Beamer ergeben auf der 200° Rundleinwand ein überzeugendes Bild</p>
<p><a href="http://www.synthetic737.at/index.php/auszug-aus-linzmobil-at/attachment/syn73716" rel="attachment wp-att-3646 "><img loading="lazy" decoding="async" class="aligncenter size-full wp-image-3646" src="http://www.synthetic737.at/wp-content/uploads/2016/01/syn73716.jpg" alt="syn73716" width="800" height="1200" srcset="https://www.synthetic737.at/wp-content/uploads/2016/01/syn73716.jpg 800w, https://www.synthetic737.at/wp-content/uploads/2016/01/syn73716-200x300.jpg 200w, https://www.synthetic737.at/wp-content/uploads/2016/01/syn73716-768x1152.jpg 768w, https://www.synthetic737.at/wp-content/uploads/2016/01/syn73716-683x1024.jpg 683w" sizes="auto, (max-width: 800px) 100vw, 800px" /></a><br />
Die Zeit verging "wie im Flug". Beim erreichen des Inntals zum Einfädeln in den IGS Anflug die Entäuschung: Dichter Nebel im Inntal.</p>
<p><a href="http://www.synthetic737.at/index.php/auszug-aus-linzmobil-at/attachment/syn73722" rel="attachment wp-att-3648 "><img loading="lazy" decoding="async" class="aligncenter size-full wp-image-3648" src="http://www.synthetic737.at/wp-content/uploads/2016/01/syn73722.jpg" alt="syn73722" width="1200" height="800" srcset="https://www.synthetic737.at/wp-content/uploads/2016/01/syn73722.jpg 1200w, https://www.synthetic737.at/wp-content/uploads/2016/01/syn73722-300x200.jpg 300w, https://www.synthetic737.at/wp-content/uploads/2016/01/syn73722-768x512.jpg 768w, https://www.synthetic737.at/wp-content/uploads/2016/01/syn73722-1024x683.jpg 1024w" sizes="auto, (max-width: 1200px) 100vw, 1200px" /></a></p>
<p>Jetzt war Marko im Kontrollstand gefragt:</p>
<p><a href="http://www.synthetic737.at/index.php/auszug-aus-linzmobil-at/attachment/syn73727" rel="attachment wp-att-3650 "><img loading="lazy" decoding="async" class="aligncenter size-full wp-image-3650" src="http://www.synthetic737.at/wp-content/uploads/2016/01/syn73727.jpg" alt="syn73727" width="1200" height="800" srcset="https://www.synthetic737.at/wp-content/uploads/2016/01/syn73727.jpg 1200w, https://www.synthetic737.at/wp-content/uploads/2016/01/syn73727-300x200.jpg 300w, https://www.synthetic737.at/wp-content/uploads/2016/01/syn73727-768x512.jpg 768w, https://www.synthetic737.at/wp-content/uploads/2016/01/syn73727-1024x683.jpg 1024w" sizes="auto, (max-width: 1200px) 100vw, 1200px" /></a></p>
<p><a href="http://www.synthetic737.at/index.php/auszug-aus-linzmobil-at/attachment/syn73728" rel="attachment wp-att-3651 "><img loading="lazy" decoding="async" class="aligncenter size-full wp-image-3651" src="http://www.synthetic737.at/wp-content/uploads/2016/01/syn73728.jpg" alt="syn73728" width="1200" height="800" srcset="https://www.synthetic737.at/wp-content/uploads/2016/01/syn73728.jpg 1200w, https://www.synthetic737.at/wp-content/uploads/2016/01/syn73728-300x200.jpg 300w, https://www.synthetic737.at/wp-content/uploads/2016/01/syn73728-768x512.jpg 768w, https://www.synthetic737.at/wp-content/uploads/2016/01/syn73728-1024x683.jpg 1024w" sizes="auto, (max-width: 1200px) 100vw, 1200px" /></a></p>
<p>Der "Wettermacher" ließ den Nebel verschwinden und dem "Alpen-KaiTak Anflug" auf RWY 26 stand nichts mehr im Weg</p>
<p><a href="http://www.synthetic737.at/index.php/auszug-aus-linzmobil-at/attachment/syn73724" rel="attachment wp-att-3649 "><img loading="lazy" decoding="async" class="aligncenter size-full wp-image-3649" src="http://www.synthetic737.at/wp-content/uploads/2016/01/syn73724.jpg" alt="syn73724" width="1200" height="800" srcset="https://www.synthetic737.at/wp-content/uploads/2016/01/syn73724.jpg 1200w, https://www.synthetic737.at/wp-content/uploads/2016/01/syn73724-300x200.jpg 300w, https://www.synthetic737.at/wp-content/uploads/2016/01/syn73724-768x512.jpg 768w, https://www.synthetic737.at/wp-content/uploads/2016/01/syn73724-1024x683.jpg 1024w" sizes="auto, (max-width: 1200px) 100vw, 1200px" /></a></p>
<p>Um den Stress in Grenzen zu halten erledigt Eric beim Touchdown manchen Handgriff so nebenbei und wir stehen sicher auf dem LOWI Airport.</p>
<p>Danke an die beiden Profis von Synthetic 737! :Daumen:</p>
<p><a href="http://www.synthetic737.at/index.php/auszug-aus-linzmobil-at/attachment/syn73755" rel="attachment wp-att-3652 "><img loading="lazy" decoding="async" class="aligncenter size-full wp-image-3652" src="http://www.synthetic737.at/wp-content/uploads/2016/01/syn73755.jpg" alt="syn73755" width="1200" height="800" srcset="https://www.synthetic737.at/wp-content/uploads/2016/01/syn73755.jpg 1200w, https://www.synthetic737.at/wp-content/uploads/2016/01/syn73755-300x200.jpg 300w, https://www.synthetic737.at/wp-content/uploads/2016/01/syn73755-768x512.jpg 768w, https://www.synthetic737.at/wp-content/uploads/2016/01/syn73755-1024x683.jpg 1024w" sizes="auto, (max-width: 1200px) 100vw, 1200px" /></a><br />
Alle Fotos: SIGMA</p>
<p>Als sehr hilfreich für den Flug hat sich in der Woche davor das Lesen des deutschen Tutorials zum PMDG 737-800 Cockpit von Jens Albert Schenk erwiesen, in dem alle Schalter und Hebel im umfangreichen Cockpit genau in Funktion und Bedienung beschrieben sind. Das erspart im Flug eine Menge "Sucherei" nach dem richtigen Knopf.</p>
<p>lg. Willi</p>

<p>Hallo im Forum! Auch ich durfte gestern im Synthetic 737 Simulator von Linz nach Innsbruck fliegen. 😀 Einige Bilder und Eindrücke vom Flug: Nach dem herzlichen Empfang durch Marko und Eric gings nach dem umfangreichen Briefing und der Besprechung des Flugplans ab ins Cockpit. Erster Eindruck: überwältigend. Nach der Rollfreigabe durch den Tower (macht Marko aus dem Off) wegen des&nbsp;<a href="https://www.synthetic737.at/index.php/auszug-aus-linzmobil-at" class="read-more">Weiter lesen</a></p>
