{"id":3189,"date":"2015-10-14T13:44:02","date_gmt":"2015-10-14T11:44:02","guid":{"rendered":"http:\/\/www.synthetic737.at\/index.php\/?page_id=3189"},"modified":"2017-06-24T09:19:36","modified_gmt":"2017-06-24T07:19:36","slug":"auer-stefan","status":"publish","type":"page","link":"https:\/\/www.synthetic737.at\/index.php\/auer-stefan","title":{"rendered":"Auer Stefan"},"content":{"rendered":"<p>Web Admin<\/p>\n<hr>\n<p><img loading=\"lazy\" decoding=\"async\" class=\" size-medium wp-image-1970 alignleft\" src=\"..\/wp-content\/uploads\/2014\/12\/Me.jpg\" alt=\"Stefan Auer\" width=\"288\" height=\"300\"><\/p>\n<p style=\"text-align: justify;\">Mein Name ist Stefan Auer, ich bin der Web Administrator von Synthetic737. Ich k\u00fcmmere mich um die Webseite, die Sie hier sehen.<\/p>\n<p style=\"text-align: justify;\">Die T\u00e4tigkeiten rund um diese Webseite sind allerdings nicht das einzige Arbeitsfeld, in dem ich t\u00e4tig bin. Ich bin Gesch\u00e4ftsf\u00fchrer eines IT-Unternehmens. Weiters bin ich f\u00fcr das Red Bull Air Race t\u00e4tig.<\/p>\n<p style=\"text-align: justify;\">Fr\u00fcher war ich selbst lange Pilot beim \u00d6sterreichischen Bundesheer. Damals durfte ich sowohl die Saab J 105 OE, als auch die PC7 fliegen.<\/p>\n<p style=\"text-align: justify;\">Die Idee von Synthetic737 begeistert mich. Hier haben Enthusiasten ihren Traum eines Flugsimulators auf eine au\u00dfergew\u00f6hnliche Art und Weise realisiert. Das Team schafft es einerseits einen originalen Nachbau einer&nbsp;Boeing 737NG zu betreiben. Andereseits ist die Leidenschaft des Teams f\u00fcr die Fliegerei sehr ansteckend und befl\u00fcgelt jeden, der mit ihnen in Kontakt kommt!<\/p>\n","protected":false},"excerpt":{"rendered":"<p>Web Admin Mein Name ist Stefan Auer, ich bin der Web Administrator von Synthetic737. Ich k\u00fcmmere mich um die Webseite, die Sie hier sehen. Die T\u00e4tigkeiten rund um diese Webseite sind allerdings nicht das einzige Arbeitsfeld, in dem ich t\u00e4tig bin. Ich bin Gesch\u00e4ftsf\u00fchrer eines IT-Unternehmens. Weiters bin ich f\u00fcr das Red Bull Air Race t\u00e4tig. Fr\u00fcher war ich selbst&nbsp;<a href=\"https:\/\/www.synthetic737.at\/index.php\/auer-stefan\" class=\"read-more\">Weiter lesen<\/a><\/p>\n","protected":false},"author":1,"featured_media":0,"parent":0,"menu_order":0,"comment_status":"closed","ping_status":"closed","template":"","meta":{"_acf_changed":false,"ngg_post_thumbnail":0,"footnotes":""},"class_list":["post-3189","page","type-page","status-publish","hentry"],"acf":[],"_links":{"self":[{"href":"https:\/\/www.synthetic737.at\/index.php\/wp-json\/wp\/v2\/pages\/3189","targetHints":{"allow":["GET"]}}],"collection":[{"href":"https:\/\/www.synthetic737.at\/index.php\/wp-json\/wp\/v2\/pages"}],"about":[{"href":"https:\/\/www.synthetic737.at\/index.php\/wp-json\/wp\/v2\/types\/page"}],"author":[{"embeddable":true,"href":"https:\/\/www.synthetic737.at\/index.php\/wp-json\/wp\/v2\/users\/1"}],"replies":[{"embeddable":true,"href":"https:\/\/www.synthetic737.at\/index.php\/wp-json\/wp\/v2\/comments?post=3189"}],"version-history":[{"count":14,"href":"https:\/\/www.synthetic737.at\/index.php\/wp-json\/wp\/v2\/pages\/3189\/revisions"}],"predecessor-version":[{"id":4175,"href":"https:\/\/www.synthetic737.at\/index.php\/wp-json\/wp\/v2\/pages\/3189\/revisions\/4175"}],"wp:attachment":[{"href":"https:\/\/www.synthetic737.at\/index.php\/wp-json\/wp\/v2\/media?parent=3189"}],"curies":[{"name":"wp","href":"https:\/\/api.w.org\/{rel}","templated":true}]}}

<p>Web Admin</p>
<hr>
<p><img loading="lazy" decoding="async" class=" size-medium wp-image-1970 alignleft" src="../wp-content/uploads/2014/12/Me.jpg" alt="Stefan Auer" width="288" height="300"></p>
<p style="text-align: justify;">Mein Name ist Stefan Auer, ich bin der Web Administrator von Synthetic737. Ich kümmere mich um die Webseite, die Sie hier sehen.</p>
<p style="text-align: justify;">Die Tätigkeiten rund um diese Webseite sind allerdings nicht das einzige Arbeitsfeld, in dem ich tätig bin. Ich bin Geschäftsführer eines IT-Unternehmens. Weiters bin ich für das Red Bull Air Race tätig.</p>
<p style="text-align: justify;">Früher war ich selbst lange Pilot beim Österreichischen Bundesheer. Damals durfte ich sowohl die Saab J 105 OE, als auch die PC7 fliegen.</p>
<p style="text-align: justify;">Die Idee von Synthetic737 begeistert mich. Hier haben Enthusiasten ihren Traum eines Flugsimulators auf eine außergewöhnliche Art und Weise realisiert. Das Team schafft es einerseits einen originalen Nachbau einer&nbsp;Boeing 737NG zu betreiben. Andereseits ist die Leidenschaft des Teams für die Fliegerei sehr ansteckend und beflügelt jeden, der mit ihnen in Kontakt kommt!</p>

<p>Web Admin Mein Name ist Stefan Auer, ich bin der Web Administrator von Synthetic737. Ich kümmere mich um die Webseite, die Sie hier sehen. Die Tätigkeiten rund um diese Webseite sind allerdings nicht das einzige Arbeitsfeld, in dem ich tätig bin. Ich bin Geschäftsführer eines IT-Unternehmens. Weiters bin ich für das Red Bull Air Race tätig. Früher war ich selbst&nbsp;<a href="https://www.synthetic737.at/index.php/auer-stefan" class="read-more">Weiter lesen</a></p>
