{"id":203,"date":"2011-09-14T09:45:02","date_gmt":"2011-09-14T07:45:02","guid":{"rendered":"http:\/\/192.168.9.29\/Development\/TB\/?page_id=203"},"modified":"2023-11-02T17:49:09","modified_gmt":"2023-11-02T16:49:09","slug":"home","status":"publish","type":"page","link":"https:\/\/www.synthetic737.at\/index.php\/","title":{"rendered":"Home"},"content":{"rendered":"<div class=\"row \">\n<div class=\"span12 \"><div class=\"fullwidth-box style-1\"><div class=\"inner\">\n<p><font face=\"SuizaFont\" size=\"10px\" ><marquee  scrollamount=\"7\" style=\"font: bold 21px\/51px PT Sans, sans-serif; line-height:2em;padding-bottom: 20px\">DIE 2.STAFFEL VON \u201eEIN BAYER IN OBER\u00d6STERREICH\u201c L\u00c4UFT NUN AUF LT1   <a href=\"https:\/\/www.lt1.at\/\" target=\"_blank\" rel=\"noopener nofollow\">www.LT1.at<\/a> --- Zu sehen in der Mediathek!<\/marquee><\/font><\/p>\n<p><!-- <font face=\"alphamen\" size=\"6px\" color=\"#d40000\">\n\n<div class=\"blinkCSS\"><a class=\"blinkCSS\" style=\"color:#d40000;\" href=\"https:\/\/www.synthetic737.at\/takeoff\">\u00dcBERRASCHEN SIE IHRE FREUNDE UND VERWANDTEN MIT ABENTEUERLICHEN FLUGTICKETS!<\/a><\/div>\n\n<\/font>\n--><\/p>\n<style> \n@font-face {\n   font-family: SuizaFont;\n   src: url(https:\/\/www.synthetic737.at\/font\/Suiza.otf);\n}<\/p>\n<\/style>\n<div>\n   <span style=\"font: Gotham light; font-size:1.75em;color:white;\">HERZLICH WILLKOMMEN IM FLUGSIMULATOR CENTER ALKOVEN<\/span>\n<\/div>\n<p><a href=\"..\/infos\" rel=\"nofollow\"><\/p>\n<div class=\"crossfade-cols-2\">\n<img decoding=\"async\" class=\"bottom\" src=\"..\/..\/..\/Bilder\/Buttons\/InfoMaus.png\" ><br \/>\n<img decoding=\"async\" class=\"top\" src=\"..\/..\/..\/Bilder\/Buttons\/Info.png\">\n<\/div>\n<p><\/a><\/p>\n<p><a href=\"..\/last-minute\" rel=\"nofollow\"><\/p>\n<div class=\"crossfade-cols-2\">\n<img decoding=\"async\" class=\"bottom\" src=\"..\/..\/..\/Bilder\/Buttons\/LastMinuteMaus.png\" ><br \/>\n<img decoding=\"async\" class=\"top\" src=\"..\/..\/..\/Bilder\/Buttons\/LastMinute.png\">\n<\/div>\n<p><\/a><\/p>\n<p><a href=\"..\/tickets-2\" rel=\"nofollow\"><\/p>\n<div class=\"crossfade-cols-2\">\n<img decoding=\"async\" class=\"bottom\" src=\"..\/..\/..\/Bilder\/Buttons\/TicketsMaus.png\"><br \/>\n<img decoding=\"async\" class=\"top\" src=\"..\/..\/..\/Bilder\/Buttons\/Tickets.png\">\n<\/div>\n<p><\/a><\/p>\n<p><a href=\"..\/screening\" rel=\"nofollow\"><\/p>\n<div class=\"crossfade-cols-2\">\n<img decoding=\"async\" class=\"bottom\" src=\"..\/..\/..\/Bilder\/Buttons\/AssessmentMaus.png\"><br \/>\n<img decoding=\"async\" class=\"top\" src=\"..\/..\/..\/Bilder\/Buttons\/Assessment.png\">\n<\/div>\n<p><\/a><\/p>\n<p><a href=\"\" rel=\"nofollow\"><\/p>\n<div class=\"crossfade-cols-2\">\n<img decoding=\"async\" class=\"bottom\" src=\"..\/..\/..\/Bilder\/Buttons\/FlugbetriebMaus.png\"><br \/>\n<img decoding=\"async\" class=\"top\" src=\"..\/..\/..\/Bilder\/Buttons\/Flugbetrieb.png\">\n<\/div>\n<p><\/a><\/p>\n<p><a href=\"..\/virtual-reality\" rel=\"nofollow\"><\/p>\n<div class=\"crossfade-cols-2\">\n<img decoding=\"async\" class=\"bottom\" src=\"..\/..\/..\/Bilder\/Buttons\/VRMaus.png\"><br \/>\n<img decoding=\"async\" class=\"top\" src=\"..\/..\/..\/Bilder\/Buttons\/VR.png\">\n<\/div>\n<p><\/a><\/p>\n<h1 style=\"visibility: hidden;margin-bottom:-100px;\">Flugsimulator<\/h1>\n<p style=\"visibility: hidden;float:left;\">Synthetic737, Flugsimulator, Cockpit, Crew, Boeing 737<\/p>\n<p style=\"display:none;\">Resultierend aus langj\u00e4hriger Erfahrung und Freude an der privaten Fliegerei, bieten wir Flugbegeisterten, Piloten und zuk\u00fcnftigen Piloten ein Erlebnis der anderen Art. Mit unserem Flugsimulator werden auch Menschen ohne Flugerfahrung in die Welt einer Cockpitcrew eintauchen. Sie erfahren, wie ein Flug unter realen Wetterverh\u00e4ltnissen und Flugverkehr abl\u00e4uft. Eingehende und umfassende Flugplanung gelten bei uns als Standard. Unser Flugsimulator wurde zur G\u00e4nze selbst geplant und erbaut. Um den verschiedenen Anspr\u00fcchen unserer G\u00e4ste zu entsprechen, sorgen acht leistungsstarke Computer f\u00fcr DAS Flugerlebnis! Unser Ziel ist es, Ihnen unvergessliche Stunden in unserem originalgetreuen Boeing 737-800NG Simulator zu bieten, um den Alltag und Stress am Boden durch einen Flug hoch \u00fcber den Wolken vergessen zu lassen. Denn \u00fcber den Wolken ist die Freiheit grenzenlos! Egal ob Sie ein kurzes Abenteuer abends w\u00e4hrend der Woche, einen ausgedehnten Flug am Wochenende oder Screening f\u00fcr Ihr zuk\u00fcnftiges Pilotenleben suchen. Wir bieten von Kurzfl\u00fcgen bis All Inclusive mit Catering ein breitgestreutes Angebot Ihrer Wahl. Unter Anleitung unserer erfahrenen Instruktoren erleben Sie unvergessliche Stunden als Pilot in unserer Boeing 737-800NG, die als einer der modernsten Airliner gilt. Unser Motto lautet 'AS REAL AS IT GETS!' Wir w\u00fcrden uns freuen, Sie bei uns als Pilot einer der beliebtesten Flugzeuge dieser Zeit begr\u00fc\u00dfen zu d\u00fcrfen, um die Faszination der Fliegerei mit uns zu teilen! Es erwartet Sie ein spannendes und anspruchsvolles Abenteuer! Worauf warten? VORBEIKOMMEN UND GENIESSEN!<\/p>\n<\/div><\/div><\/div>\n<\/div><!-- .row (end) -->\n<div class=\"row \"><\/div><!-- .row (end) -->\n<div class=\"span12 \"><div class=\"fullwidth-box style-2\"><div class=\"inner\">\n<div class=\"row \">\n<h2>Events<\/h2>\n\n\t\t\t\t<div class=\"event-list\">\n\t\t\t\t<style type=\"text\/css\">\n\t\t\t\t\t.filterbar { display:table; width:100% }\n\t\t\t\t\t.filterbar > div { display:table-cell }\n\t\t\t\t<\/style>\n\t\t\t\t<!--[if lte IE 7]>\n\t\t\t\t<style>.filterbar > div { float:left }<\/style>\n\t\t\t\t<![endif]-->\n\t\t\t\t<div class=\"filterbar subsubsub\">\n\t\t\t\t\t<div style=\"text-align:left\"><ul class=\"hlist\"><li><strong>Alle<\/strong><\/li><li><a href=\"https:\/\/www.synthetic737.at\/index.php\/?date1=upcoming\">Anstehend<\/a><\/li><li><a href=\"https:\/\/www.synthetic737.at\/index.php\/?date1=2022\">2022<\/a><\/li><\/ul>\n\t\t\t\t\t<\/div><\/div>\n\t\t\t\t<ul class=\"event-list-view\">\n\t\t\t \t<li class=\"event \">\n\t\t\t\t\t<div class=\"event-date multi-date\"><div class=\"startdate\"><div class=\"event-weekday\">So.<\/div><div class=\"event-day\">07<\/div><div class=\"event-month\">Aug.<\/div><div class=\"event-year\">2022<\/div><\/div><div class=\"enddate\"><div class=\"event-weekday\">So.<\/div><div class=\"event-day\">21<\/div><div class=\"event-month\">Aug.<\/div><div class=\"event-year\">2022<\/div><\/div><\/div>\n\t\t\t\t\t<div class=\"event-info multi-day\"><div class=\"event-title\"><h3><a href=\"https:\/\/www.synthetic737.at\/index.php\/?event_id1=5145\">Neugestaltung Website<\/a><\/h3><\/div><span class=\"event-location\">Alkoven<\/span><div class=\"event-content\"><p>Bedingt durch ein neues Ticket- und Preissystem beginnt nun die Umgestaltung unserer Webseite.<br \/>\nDies sollte in den n\u00e4chsten 14 Tagen \u00fcber die B\u00fchne gehen.<br \/>\nUnsere Website ist in diesem Zeitraum nat\u00fcrlich uneingeschr\u00e4nkt nutzbar!<\/p>\n<p>Viel Spa\u00df beim Durchsuchen w\u00fcnscht euch Marko Aigelsperger!<\/p>\n<\/div><\/div>\n\t\t\t\t<\/li><\/ul>\n\t\t\t\t<\/div>\n<\/div> <!-- .row (end) -->\n<div class=\"row \">\n<h3 style=\"text-align: center;\">Worauf warten? VORBEIKOMMEN UND GENIESSEN!<\/h3>\n<\/div> <!-- .row (end) -->\n<\/div><\/div><\/div>\n","protected":false},"excerpt":{"rendered":"","protected":false},"author":1,"featured_media":0,"parent":0,"menu_order":0,"comment_status":"closed","ping_status":"closed","template":"page-home_old.php","meta":{"_acf_changed":false,"ngg_post_thumbnail":0,"footnotes":""},"class_list":["post-203","page","type-page","status-publish","hentry"],"acf":[],"_links":{"self":[{"href":"https:\/\/www.synthetic737.at\/index.php\/wp-json\/wp\/v2\/pages\/203","targetHints":{"allow":["GET"]}}],"collection":[{"href":"https:\/\/www.synthetic737.at\/index.php\/wp-json\/wp\/v2\/pages"}],"about":[{"href":"https:\/\/www.synthetic737.at\/index.php\/wp-json\/wp\/v2\/types\/page"}],"author":[{"embeddable":true,"href":"https:\/\/www.synthetic737.at\/index.php\/wp-json\/wp\/v2\/users\/1"}],"replies":[{"embeddable":true,"href":"https:\/\/www.synthetic737.at\/index.php\/wp-json\/wp\/v2\/comments?post=203"}],"version-history":[{"count":318,"href":"https:\/\/www.synthetic737.at\/index.php\/wp-json\/wp\/v2\/pages\/203\/revisions"}],"predecessor-version":[{"id":5307,"href":"https:\/\/www.synthetic737.at\/index.php\/wp-json\/wp\/v2\/pages\/203\/revisions\/5307"}],"wp:attachment":[{"href":"https:\/\/www.synthetic737.at\/index.php\/wp-json\/wp\/v2\/media?parent=203"}],"curies":[{"name":"wp","href":"https:\/\/api.w.org\/{rel}","templated":true}]}}