{"id":1797,"date":"2011-07-14T19:45:29","date_gmt":"2011-07-14T17:45:29","guid":{"rendered":"http:\/\/192.168.9.29\/Development\/TB\/?page_id=5"},"modified":"2022-08-14T17:26:56","modified_gmt":"2022-08-14T15:26:56","slug":"about","status":"publish","type":"page","link":"https:\/\/www.synthetic737.at\/index.php\/about","title":{"rendered":"\u00dcBER UNS"},"content":{"rendered":"<div class=\"fullwidth-box style-2 extra\"><div class=\"inner\">\n<div class=\"row \">\n<div class=\"span4 \"><h2>\u00dcber uns: Wie alles begann...<\/h2>\n<p><a href=\"..\/wp-content\/uploads\/2011\/07\/Begann1.jpg\" rel=\"nofollow\"><img loading=\"lazy\" decoding=\"async\" class=\"aligncenter wp-image-3023 size-full\" src=\"..\/wp-content\/uploads\/2011\/07\/Begann1.jpg\" alt=\"\" width=\"2048\" height=\"1371\" srcset=\"https:\/\/www.synthetic737.at\/wp-content\/uploads\/2011\/07\/Begann1.jpg 2048w, https:\/\/www.synthetic737.at\/wp-content\/uploads\/2011\/07\/Begann1-300x201.jpg 300w, https:\/\/www.synthetic737.at\/wp-content\/uploads\/2011\/07\/Begann1-1024x686.jpg 1024w\" sizes=\"auto, (max-width: 2048px) 100vw, 2048px\" \/><\/a><\/p>\n<p style=\"text-align: justify;\">Nach jahrelangem Erlernen, Fortschritten und R\u00fcckschl\u00e4gen, sind wir seit 2015 soweit, dir unser Projekt Synthetic 737 vorstellen zu d\u00fcrfen und freuen uns, dich bei uns begr\u00fc\u00dfen zu d\u00fcrfen!<\/p>\n<p style=\"text-align: justify;\">Es erwartet dich ein spannendes und anspruchsvolles Abenteuer! G\u00f6nne dir diese unvergessliche Zeit in unserem Flugsimulator!<\/p>\n<p style=\"text-align: justify;\">Marko Aigelsperger &amp; Manuel Zeimes<\/p><\/div>\n<div class=\"span4 \"><div class=\"history\">\n<p><strong>&nbsp;&nbsp;&nbsp;&nbsp;&nbsp;&nbsp; ... <\/strong><\/p>\n<div class=\"extra-wrap\">\n<p style=\"text-align: justify;\">Vor etwa 15 Jahren stie\u00df ich im Internet auf meine ersten externen Cockpitbauteile. Von nun an mu\u00dfte man sich nicht nur mehr mit der Maus \u00fcber die Bildschirme qu\u00e4len, sondern konnte einige Flugparameter tats\u00e4chlich mit den eigenen H\u00e4nden einstellen.<\/p>\n<\/div>\n<div class=\"clear\"><\/div><!-- .clear (end) -->\n<p><strong>2012 - <\/strong><\/p>\n<div class=\"extra-wrap\">\n<p style=\"text-align: justify;\">Nach jahrelanger Flugerfahrung am Simulator mit drei R\u00f6hrenbildschirmen kam ich auf die Idee, einen \"Kasten\" rund um meinen Schreibtisch zu bauen, um damit ein echtes Cockpit zu simulieren. Wie es der Zufall so will, lernte ich meinen Fast-Nachbarn Eric kennen, der auch damals schon auf jahrelange Simulator und Controllert\u00e4tigkeit zur\u00fcckgreifen konnte. Zusammen bauten wir unser erstes MIP mit Touchscreen Monitor als Overhead Panel.<\/p>\n<\/div>\n<div class=\"clear\"><\/div><!-- .clear (end) -->\n<p><strong>2013 -<\/strong><\/p>\n<div class=\"extra-wrap\">\n<p style=\"text-align: justify;\">Da bislang alles gut funktionierte, entschlossen wir uns, im Garten meines Grundst\u00fcckes ein Simulatorzentrum zu erbauen. Mit der Hilfe einiger Freunde stand der Rohbau mit Innenausbau relativ rasch.<\/p>\n<\/div>\n<div class=\"clear\"><\/div><!-- .clear (end) -->\n<p><strong>2014 -<\/strong><\/p>\n<div class=\"extra-wrap\">\n<p style=\"text-align: justify;\">Nach einigen \u00c4nderungen an der Cockpitausrichtung wurde uns sehr schnell klar, dass der Platz f\u00fcr die Beamerleinwand, des Passagier- bereiches, des Aufenthaltsbereiches und der sanit\u00e4ren Anlage nicht ausreicht. So wurde kurzerhand beschlossen, unser Simulatorzentrum zu erweitern.<\/p>\n<\/div>\n<div class=\"clear\"><\/div><!-- .clear (end) -->\n<p><strong>2015 -<\/strong><\/p>\n<div class=\"extra-wrap\">\n<p style=\"text-align: justify;\">Fertigstellung des Boeing 737 Cockpit`s inklusive den restlichen Bauarbeiten. Er\u00f6ffung Oktober 2015<\/p>\n<p>&nbsp;<\/p>\n<\/div>\n<div class=\"clear\"><\/div><!-- .clear (end) -->\n<\/div><\/div>\n<div class=\"span4 \"><p>&nbsp;<\/p><\/div>\n<\/div><!-- .row (end) -->\n<\/div><\/div>\n<div class=\"fullwidth-box style-1 extra\"><div class=\"inner\">\n<\/div><\/div>\n<p>&nbsp;<\/p>\n<p>&nbsp;<\/p>\n<p>&nbsp;<\/p>\n<p>&nbsp;<\/p>\n<p>&nbsp;<\/p>\n<p><!--:--><\/p>\n","protected":false},"excerpt":{"rendered":"<p>&nbsp; &nbsp; &nbsp; &nbsp; &nbsp;<\/p>\n","protected":false},"author":1,"featured_media":0,"parent":0,"menu_order":1,"comment_status":"open","ping_status":"closed","template":"page-fullwidth.php","meta":{"_acf_changed":false,"ngg_post_thumbnail":0,"footnotes":""},"class_list":["post-1797","page","type-page","status-publish","hentry"],"acf":[],"_links":{"self":[{"href":"https:\/\/www.synthetic737.at\/index.php\/wp-json\/wp\/v2\/pages\/1797","targetHints":{"allow":["GET"]}}],"collection":[{"href":"https:\/\/www.synthetic737.at\/index.php\/wp-json\/wp\/v2\/pages"}],"about":[{"href":"https:\/\/www.synthetic737.at\/index.php\/wp-json\/wp\/v2\/types\/page"}],"author":[{"embeddable":true,"href":"https:\/\/www.synthetic737.at\/index.php\/wp-json\/wp\/v2\/users\/1"}],"replies":[{"embeddable":true,"href":"https:\/\/www.synthetic737.at\/index.php\/wp-json\/wp\/v2\/comments?post=1797"}],"version-history":[{"count":30,"href":"https:\/\/www.synthetic737.at\/index.php\/wp-json\/wp\/v2\/pages\/1797\/revisions"}],"predecessor-version":[{"id":5177,"href":"https:\/\/www.synthetic737.at\/index.php\/wp-json\/wp\/v2\/pages\/1797\/revisions\/5177"}],"wp:attachment":[{"href":"https:\/\/www.synthetic737.at\/index.php\/wp-json\/wp\/v2\/media?parent=1797"}],"curies":[{"name":"wp","href":"https:\/\/api.w.org\/{rel}","templated":true}]}}